10 + 2/(-10). Suppose 2*c = -10 + p. What are the prime factors of c?
3, 17
Suppose -2*l - 1603 + 6387 = 0. List the prime factors of l.
2, 13, 23
Suppose 5*j - 301 - 19 = 0. Suppose 0 = -3*f - d - 157, -4*f - 146 - j = d. Let h = 18 - f. List the prime factors of h.
71
Let o(y) = -89*y + 3314. What are the prime factors of o(0)?
2, 1657
Let s = 35 - 32. Suppose -s*c = -7*c + 56. List the prime factors of c.
2, 7
Suppose 2*l + 5*p = 10*p + 3022, 7570 = 5*l - 5*p. What are the prime factors of l?
2, 379
Suppose 0 = -3*u + j + 368, 0*u + 620 = 5*u - 3*j. Suppose 5*x - u = -416. Let c = x + 93. List the prime factors of c.
2, 17
Let a(i) = -i**3 - 59*i**2 + 99*i - 126. What are the prime factors of a(-61)?
1277
Let w(l) be the second derivative of l**4/12 - 5*l**3/6 + 3*l**2 - 6*l. Let j be w(3). Suppose j = 2*o + 2*o - 84. List the prime factors of o.
3, 7
Let t(x) = 800*x**2 + 18*x - 22. List the prime factors of t(2).
2, 1607
Suppose 4*z + 4*x = 2452, -3*x - 1723 = -2*z - 502. What are the prime factors of (3*(-16)/36)/((-3)/z)?
2, 17
Suppose -4*c = 4*b - 104, 0 = 4*b - 9*c + 4*c - 77. Let v = 39 - b. What are the prime factors of v?
2
Suppose 0 = 4*c - s + 5, 3*c + 10 = 5*s - 3*s. What are the prime factors of -7 + 59 + ((-6)/(-2) - c)?
5, 11
Let p = 4 + 5. Suppose -p*j = -3*j. Suppose -3*q + 27 - 3 = j. List the prime factors of q.
2
Suppose 0 = -120*s + 123*s - 729. What are the prime factors of s?
3
Suppose 5*l = 3*s + 14, -4*l - 4 = -20. Suppose s*f + 351 = -f. What are the prime factors of (f/(-3))/(-1)*-1?
3, 13
Suppose -2*o + 5*w = -69, o + 0*w + w = 17. Suppose 0 = k + 1, 3*z - 2*k - o = 2*k. What are the prime factors of z?
2, 3
Let g = 30 - 25. Suppose -g*b = h - 1, 5*h + 4*b = b - 39. Let t = 62 + h. List the prime factors of t.
53
What are the prime factors of -7 + (1 + 9)/(10/2105)?
2, 1049
Suppose 5*y - 2*y - 162 = 0. Let w be 2/(4/y*3). Suppose w*h - 6*h = 21. List the prime factors of h.
7
Let k(s) = -9 - 2*s**3 + 21*s - 15*s + s**3 + 13*s**2. Let z be k(13). Let o = z + -44. List the prime factors of o.
5
Suppose -3*q - y - 21 = 3*y, 3*q + 30 = -y. Let i be (-1)/(((-22)/(-36))/q). What are the prime factors of 17/(-68) - i/(-8)?
2
Let q(k) = -k**3 + 7*k**2 - k - 14. Suppose 2*o - 4*y - 30 = 0, 4*y = -3*o - 2 - 3. What are the prime factors of q(o)?
31
Suppose 0 = -620*n + 621*n - 2433. What are the prime factors of n?
3, 811
Suppose 3*m - 7 = 2*v, 0*v - 3*v = -2*m + 8. List the prime factors of (m + 21/2)*6.
3, 23
Let c = -25 + 28. Let a be (-24)/(-12)*c/(-2). What are the prime factors of (5 - a)*(-6)/(-8)?
2, 3
Suppose 0 = 7*f + 8*f + 210. Let a = 59 - f. What are the prime factors of a?
73
Let g(u) = -u + 9. Let s be g(-9). Let h = s - 15. Suppose -49 = -2*v + 2*d + h*d, -84 = -2*v - 2*d. What are the prime factors of v?
37
Let k(z) = z**3 - z**2 + 3. Let b be k(0). Suppose 190 = 2*r - b*i + 7*i, 6 = 2*i. What are the prime factors of r?
89
Let b(n) = n**2 + 2. Let z(w) = -w**2 - 6*w + 3. Suppose -5*h + 19 = -2*d, 3 = 2*h + 1. Let l be z(d). What are the prime factors of b(l)?
2, 3
Suppose -z + 5 = 0, -125 = -2*l - 2*z + 53. Suppose -10*t = -9*t - l. What are the prime factors of t?
2, 3, 7
Let b be (6/4)/(7/14). Suppose i = -b, -4*i + 23 = g - 45. Suppose -g = -6*r + 4*r. What are the prime factors of r?
2, 5
Let k(f) = f**3 + 10*f**2 + 11*f - 7. Let a(d) = 2*d + 8. Let b be a(-8). What are the prime factors of k(b)?
3, 11
Suppose 25*o = 65*o - 208200. List the prime factors of o.
3, 5, 347
Let v(y) = 28*y**2 - 2*y + 1. List the prime factors of v(-4).
457
Let q(g) = g**3 - 4*g**2 + g - 2. Let b be q(4). Suppose -b*k + 134 = -0*k. List the prime factors of k.
67
Let q(p) = -2*p**2 + 3*p + 3*p + 7 + p**2. Suppose 3*u + 15 = 6*u. List the prime factors of q(u).
2, 3
What are the prime factors of (-1)/(-3) - 2299/(-33)?
2, 5, 7
Suppose 5*y - 6*y = -429. List the prime factors of y.
3, 11, 13
Let m(t) = -t - 16. Let a be m(-18). Suppose 5*z + 3*i = 292, -a*z + 52 = -z - i. List the prime factors of z.
2, 7
Let g(i) = -i - 5. Let n be g(-10). Suppose n*o - 167 = 108. What are the prime factors of o?
5, 11
Let j(x) = -2*x**3 - 18*x**2 - 15*x - 14. Let m be j(-9). Suppose -3*h + 5*q + 0*q = -128, -3*h + m = 2*q. What are the prime factors of h?
41
Suppose -3*b + 7 = x - 5, 0 = -b + x. Suppose 2*o = -w + 8 - 2, o - 3 = -2*w. Suppose o*l + 2*a = 24, -b*a = -l + 3*l - 16. List the prime factors of l.
2
Suppose -5*b - 12 = -b. Let p(z) = -3*z - 4. Let l be p(b). Let w(m) = -m**2 + 8*m + 10. What are the prime factors of w(l)?
5
Let a = 474 + 429. What are the prime factors of a?
3, 7, 43
Let x(f) = -15*f + 1. Let q be x(11). What are the prime factors of q/(-10) + 6/10?
17
Let h be ((-12)/(-10))/((-108)/(-20) - 5). Suppose h*j - 259 = -2*f, -f + 6*f + 58 = j. List the prime factors of j.
83
Suppose 0 = 7*z - 10*z. Suppose z = -5*q + 5 + 15. Let n = 38 + q. List the prime factors of n.
2, 3, 7
Suppose 0 = -4*q + 4411 + 4137. What are the prime factors of q?
2137
Suppose -13 = m - 3*i, 3*m + 9 + 2 = -5*i. Let k = -4 - m. Suppose 3*a + k*b + 6 = 0, 5*a = -0*a + 2*b + 25. What are the prime factors of a?
3
Let s(c) = -30*c - 8. Let z be s(-6). List the prime factors of 1 + z + -1 + 4 + -4.
2, 43
Let k = -4381 - -7292. List the prime factors of k.
41, 71
Let d(h) be the second derivative of h**4/12 + 2*h**3/3 - 39*h**2/2 - 36*h. What are the prime factors of d(10)?
101
List the prime factors of (-8 + 2327)/(3 - 0).
773
Suppose 0*p = -25*p + 49400. List the prime factors of p.
2, 13, 19
Let z(k) = k**3 + 39*k**2 + 64*k + 37. List the prime factors of z(-33).
7, 13
List the prime factors of (-6)/10 - (-5 + (-4168)/5).
2, 419
Suppose 0 = 2*x + 8, 2*x = 2*n + 7*x - 2760. What are the prime factors of n?
2, 5, 139
Let w(x) = 344*x + 590. List the prime factors of w(9).
2, 19, 97
Suppose -w = -3*b + 2827 + 669, 0 = -4*b + 4*w + 4672. List the prime factors of b.
2, 3, 97
Let m be (4 - 0) + -5 - -3. Let u be ((-20)/m)/(2/4). Let a = -6 - u. What are the prime factors of a?
2, 7
List the prime factors of (10178/4)/1*52/91.
2, 727
Suppose -4*q + 3*o = -0*o - 299, 5*o + 380 = 5*q. Let w = q + -16. Suppose 5*x - w = -0*x. List the prime factors of x.
11
Let o be ((-4)/6)/(-8 + (-1494)/(-189)). Suppose -497 = -2*b - u, 3*b - o*u + 8*u - 745 = 0. What are the prime factors of b?
2, 31
Let w(d) = -2*d - 6. Let h(v) = -3*v - 11. Let t(g) = 6*h(g) - 13*w(g). List the prime factors of t(6).
2, 3, 5
Let m = -52 + 46. List the prime factors of 3/(172/(-1176) - 1/m).
3, 7
Let a be 40/(-30)*27/(-2). Suppose -3*m + 3 = a. Let g = m + 15. What are the prime factors of g?
2, 5
Let t = -16 + 25. Suppose 3*b + 0*b + 3 = a, -3*a + t = 0. Suppose 2*u - 5*u + 15 = b. What are the prime factors of u?
5
Suppose 0 = 5*h - 5*r - 45, -3*r = -2*h + r + 24. List the prime factors of (4 + h)/(1/4).
2, 5
Let l(j) = -135*j - 405. Let k(m) = 5*m + 15. Let q(p) = 55*k(p) + 2*l(p). Let z be q(-7). Let t = 26 + z. List the prime factors of t.
2, 3
Let c(p) = -p**3 + 12*p**2 + 18*p - 16. Let r be c(12). Suppose d = -d + r. List the prime factors of d.
2, 5
Let u be (12/3)/(1/(-20)). What are the prime factors of u*(-3 + (-12)/(-16))?
2, 3, 5
Let w = 11 + -20. Let z be 6/w*117/(-6). Suppose 8 = p - z. What are the prime factors of p?
3, 7
Suppose -3*a + 55 + 39 = 4*y, 2*a = -5*y + 51. Suppose 0 = -3*z - 4*k + a, 5*z = 2*k + 14 + 58. List the prime factors of z.
2, 7
Suppose 2*i - i = -3*q + 10, -3*i + 20 = 4*q. Suppose r - 268 = -a + q*r, 276 = a - 5*r. What are the prime factors of a?
2, 7, 19
Suppose m + 4*m + 490 = 0. Let h = 233 - 61. Let x = m + h. What are the prime factors of x?
2, 37
Suppose 5*z - 4068 = -4*f, 6*f - 3*z = 3*f + 3078. What are the prime factors of f?
2, 7, 73
Suppose 35*g - 34*g = 5. Suppose -g*c = -0*j + j - 14, -10 = -5*j - 5*c. List the prime factors of j/(1 - 4/3).
3
Suppose 2*u - 2196 - 1160 = -4*q, -5*q + 5*u + 4210 = 0. List the prime factors of q.
2, 3, 5, 7
Suppose 3*f + 42 = -45. Suppose 7*o - 2*o = -230. Let t = f - o. What are the prime factors of t?
17
List the prime factors of (-3)/(-3) + 5/(45/3708).
7, 59
Let j = 489 + -345. Let x = j + -6. List the prime factors of x.
2, 3, 23
Let p = 19 + 699. List the prime factors of p.
2, 359
Let x(